 Suppose -2*y - g = -5*y. Calculate the highest common factor of y and 8.
8
Suppose 2*t = -4 + 16. Let r be (4/t)/((-6)/(-117)). Calculate the greatest common factor of r and 13.
13
Suppose -3*y = 2*y - 25. Let k(m) = 4*m - 4. Let j(q) = 3*q - 4. Let s(l) = -5*j(l) + 4*k(l). Let c be s(y). Calculate the highest common factor of 9 and c.
9
Let z = 37 - 32. What is the highest common factor of 50 and z?
5
Suppose 0*s + 4*s = 284. Suppose -l = -0*l + 5, -3*l = -4*j + s. Calculate the highest common divisor of j and 42.
14
Let c(d) = 28*d + 2*d - 9*d + 23*d. Let x be c(1). What is the highest common divisor of x and 4?
4
Suppose 2*u - f + 2*f = 160, -2*f - 160 = -2*u. What is the greatest common divisor of 10 and u?
10
Let c be 4 - (-2 - -4)*1. Calculate the greatest common divisor of c and 4.
2
Suppose 4*v - 20 = -v. Suppose w = -v*w + 150. What is the greatest common factor of w and 12?
6
Let f(a) = -77*a - 1. Let t be f(-2). Suppose -3*s - 57 = -t. What is the highest common factor of 8 and s?
8
Let t be -5*12/(-10) + 3. Calculate the greatest common divisor of 54 and t.
9
Suppose -2*l - 5*w + 3 = 0, -3*l = -4*l - 5*w - 1. Let n be 2/8 - (-74)/(-8). Let q be ((-48)/n)/((-1)/(-3)). What is the highest common divisor of q and l?
4
Let d(v) = v + 63. Let x be d(-34). What is the greatest common divisor of x and 29?
29
Let b(p) = p + 18. Let x be b(12). What is the highest common divisor of x and 30?
30
Let p(d) = -d**3 - 4*d**2 + 2*d - 1. Let w be p(-5). Let y = w - 11. Let f be (1/2)/((-3)/(-18)). What is the highest common divisor of f and y?
3
Let j be (-1)/(-1*-4*(-3)/252). What is the highest common factor of j and 84?
21
Let v be 2/(-6) + 80/15. Suppose -v*l = -l - 104. Calculate the greatest common divisor of 13 and l.
13
Let z(d) = d**2 + 2*d - 1. Let t(q) = -3*q + 3. Let m be t(2). Let u be z(m). Let l = 177 - 155. Calculate the highest common factor of l and u.
2
Let a be 3 + (-4 - -3) - -2. What is the highest common divisor of 44 and a?
4
Suppose -2 - 8 = -2*u. Suppose -u*r = -26 - 254. What is the highest common factor of 7 and r?
7
Suppose 3*r = -r + 5*m + 12, 5*m - 4 = 2*r. Let w = -32 - -96. What is the highest common factor of r and w?
8
Suppose 24 = o + o. What is the greatest common divisor of o and 2?
2
Let j(b) = -2*b + 2 + 0 + b**2 + 8*b. Let r be j(-6). What is the highest common divisor of 8 and r?
2
Suppose 9*i - 90 = 4*i. Calculate the greatest common divisor of 27 and i.
9
Let d = 118 - -534. Suppose -3*a - 2*f = -d, -892 = -4*a + 7*f - 4*f. Calculate the greatest common divisor of 20 and a.
20
Let h be 6 - (2 - (-4 + 3)). Let c be 60/h*(-3)/(-6). Calculate the highest common divisor of 15 and c.
5
Suppose 3 = 4*p - 17, -4*p = -5*l + 20. Suppose 80 = 4*t - 0*t. What is the highest common divisor of t and l?
4
Suppose 4*d - 8 - 4 = 0. Let p = 1 + d. What is the greatest common factor of 12 and p?
4
Suppose 0 = r - 5, 3*a - 3*r - 1 = 2. What is the highest common factor of a and 2?
2
Let c = 47 - 39. Calculate the greatest common factor of c and 10.
2
Let w(t) = -t**2 + 12*t - 9. Let i be -4*-1*(-31)/(-4). Suppose -3*v - 4 + i = 0. Let d be w(v). Calculate the highest common divisor of 2 and d.
2
Suppose t + t - 110 = 0. Let k = t - 39. What is the greatest common divisor of 176 and k?
16
Let l be (128/48)/(2/39). Let o(h) = -2*h**2 + 2*h - 2. Let f be o(2). Let b be l/2*(-3)/f. What is the greatest common factor of 104 and b?
13
Let m(l) = 5*l - 2. Let h be m(5). Let y = h + -11. Calculate the highest common divisor of y and 30.
6
Let m be (-93)/(-15) + 2/(-10). Suppose -g + m = 2. Let r = -3 - -4. What is the highest common divisor of r and g?
1
Suppose 2*a = 9 + 7. Let j = 151 - 79. What is the greatest common factor of a and j?
8
Suppose -17*o - 157 = -616. What is the greatest common factor of 108 and o?
27
Let s be (-22)/(-6) + 1/3. Let u(x) = x**2 + 2*x - 6. Let f be u(s). Let j = 40 - f. Calculate the highest common divisor of 198 and j.
22
Let p be (-1)/(-4) + (-99)/(-4). Calculate the greatest common divisor of 5 and p.
5
Let b = 48 - 12. Suppose -5*u + u = -b. Suppose 2*x - 49 = 5*k, -3*x + 79 = -0*x - 2*k. Calculate the highest common divisor of x and u.
9
Let w = 0 - -2. Suppose 3*h - 2*h - f - 1 = 0, -w*h = 4*f - 8. Calculate the highest common divisor of h and 2.
2
Suppose 2*l = 5*l + 3. Let a be (l/(-2))/(3/60). Calculate the highest common divisor of a and 20.
10
Let d = 0 + -2. Let o be (-1)/2 - 37/d. What is the highest common factor of o and 27?
9
Let u = 37 - 25. What is the highest common factor of u and 36?
12
Let v(s) = 5*s**2 - 1. Let d be v(1). What is the highest common factor of d and 20?
4
Suppose 0 = 2*n + 2*a + 2, 0 = 6*n - 3*n + 2*a - 2. Let l be n/(-10) - 72/(-5). Calculate the greatest common divisor of 154 and l.
14
Let o = 16 - 12. Let u be (-1)/4 - (-41)/o. What is the greatest common factor of u and 2?
2
Suppose 0 = j - 7 - 7. Let d be (77/j)/((-1)/(-6)). Calculate the greatest common factor of 3 and d.
3
Suppose 5*r + 69 = 3*g, g - 25 = -r + 2*r. Calculate the highest common factor of g and 112.
28
Let k be 3/3*(-144)/(-1). Suppose -4*a + 12 = 2*g - 28, -4*a + 88 = 5*g. Calculate the highest common factor of g and k.
16
Suppose -2*d - 3*d + 10 = 0. Suppose -l + 2*z + d + 2 = 0, z + 5 = 2*l. Calculate the highest common factor of 2 and l.
2
Let p be 4/(-14) + (-230)/(-70). Calculate the highest common divisor of p and 24.
3
Suppose 3*i = -2*h + 59, h - 55 = -3*i - 0*i. Suppose -16 = -5*l - 1. Suppose -i + 2 = -l*k. Calculate the greatest common divisor of k and 2.
1
Let o be (-5 - 1)*1*16/(-3). Calculate the highest common divisor of 32 and o.
32
Suppose 5*t + 60 = 8*t. What is the greatest common factor of t and 4?
4
Let i(o) = 13*o + 4 - 2 + 2 - 3. Let t be i(3). Calculate the greatest common factor of t and 20.
20
Let g be (10 - 2/1)/1. Suppose t = 3, -5*t + t + 362 = 5*d. Suppose 3*i = d + 122. What is the highest common factor of i and g?
8
Let z(c) = c**2 - c + 18. Let b be z(0). Let r(t) = -t**2 + 17*t - 21. Let y be r(6). What is the highest common divisor of b and y?
9
Suppose 2*d + 246 - 26 = m, 0 = -5*m + d + 1082. Let r = -56 - -80. What is the greatest common divisor of m and r?
24
Let w = -65 - -165. Calculate the highest common divisor of 10 and w.
10
Let n be (-2)/9 + (-778)/(-18). Suppose 35 + n = 2*o. Calculate the highest common divisor of o and 26.
13
Let x(r) = -3 - 9 + 1 + 4*r + 0. Let u be x(5). Calculate the greatest common factor of u and 36.
9
Suppose -n = 2*n - 168. What is the highest common factor of n and 7?
7
Let r be ((-2)/(-4))/(1/10). Let k(i) = i**3 - 5*i**2 + 3*i. Let m be k(4). Let d be 3/6 - 18/m. Calculate the highest common divisor of d and r.
5
Suppose 0 = -l - 3*v - 11, 0*v - v = 4. Let o be (-6)/1*l/(-2). Suppose -o*r = -0*r - 45. What is the greatest common factor of 15 and r?
15
Suppose -3*n = -5*b + 2*n + 50, -b + 3*n = -20. Let p = 0 + b. Suppose 1 = a, -5*x + p*a + 76 = a. What is the greatest common divisor of 8 and x?
8
Suppose -4*m + 134 = 30. Calculate the highest common divisor of 65 and m.
13
Let x(k) = -k - 8. Let o be (0 + 6/3)*-5. Let y be x(o). Suppose -4*q + 22 = 3*h - y*q, 5*h - 15 = q. Calculate the highest common factor of h and 16.
4
Let p(m) = m + 4. Let g be p(-7). Let d be ((-11)/g)/((-1)/(-18)). Suppose 0 = -4*b - 0*b + 24. Calculate the highest common factor of d and b.
6
Let b = 231 + -114. Calculate the highest common divisor of b and 13.
13
Suppose 5*i - 2*t = 25, 0 = 3*i + t - 15. Let g be (-9)/(i/((-80)/3)). What is the greatest common factor of g and 32?
16
Let o be ((-6)/4)/(7/(-504)). Calculate the highest common divisor of o and 24.
12
Suppose -4*l - i + 8 = -l, 3*l - 4*i + 2 = 0. Calculate the greatest common factor of l and 14.
2
Let a = 7 - 2. Let r be ((-8)/10)/(10/(-25)). What is the greatest common factor of r and a?
1
Let p = 83 + -55. Let c be 0 + -1 + p + 0. Calculate the greatest common factor of 18 and c.
9
Let c(i) = -i**3 - 7*i**2 - 2*i - 9. Let z be c(-7). What is the highest common factor of 45 and z?
5
Let s(z) = z**3 + 9*z**2 + 8*z + 7. Let u be s(-8). What is the greatest common divisor of 28 and u?
7
Let d(g) = g**2 + 5*g + 1. Let l be d(-9). Suppose 2*r + 5*v - l = 0, 3*r + 4*v + 14 - 